[INFO] fetching crate pallet-treasury 2.0.0-rc6...
[INFO] checking pallet-treasury-2.0.0-rc6 against master#cfbc6d4cf1acbac5c025acf8ed68929caa551df3 for pr-75494-beta
[INFO] extracting crate pallet-treasury 2.0.0-rc6 into /workspace/builds/worker-9/source
[INFO] validating manifest of crates.io crate pallet-treasury 2.0.0-rc6 on toolchain cfbc6d4cf1acbac5c025acf8ed68929caa551df3
[INFO] running `Command { std: "/workspace/cargo-home/bin/cargo" "+cfbc6d4cf1acbac5c025acf8ed68929caa551df3" "read-manifest" "--manifest-path" "Cargo.toml", kill_on_drop: false }`
[INFO] started tweaking crates.io crate pallet-treasury 2.0.0-rc6
[INFO] finished tweaking crates.io crate pallet-treasury 2.0.0-rc6
[INFO] tweaked toml for crates.io crate pallet-treasury 2.0.0-rc6 written to /workspace/builds/worker-9/source/Cargo.toml
[INFO] running `Command { std: "/workspace/cargo-home/bin/cargo" "+cfbc6d4cf1acbac5c025acf8ed68929caa551df3" "generate-lockfile" "--manifest-path" "Cargo.toml" "-Zno-index-update", kill_on_drop: false }`
[INFO] running `Command { std: "/workspace/cargo-home/bin/cargo" "+cfbc6d4cf1acbac5c025acf8ed68929caa551df3" "fetch" "--locked" "--manifest-path" "Cargo.toml", kill_on_drop: false }`
[INFO] [stderr]     Blocking waiting for file lock on package cache
[INFO] [stderr]  Downloading crates ...
[INFO] [stderr]   Downloaded pallet-balances v2.0.0-rc6
[INFO] running `Command { std: "docker" "create" "-v" "/var/lib/crater-agent-workspace/builds/worker-9/target:/opt/rustwide/target:rw,Z" "-v" "/var/lib/crater-agent-workspace/builds/worker-9/source:/opt/rustwide/workdir:ro,Z" "-v" "/var/lib/crater-agent-workspace/cargo-home:/opt/rustwide/cargo-home:ro,Z" "-v" "/var/lib/crater-agent-workspace/rustup-home:/opt/rustwide/rustup-home:ro,Z" "-e" "SOURCE_DIR=/opt/rustwide/workdir" "-e" "CARGO_TARGET_DIR=/opt/rustwide/target" "-e" "CARGO_HOME=/opt/rustwide/cargo-home" "-e" "RUSTUP_HOME=/opt/rustwide/rustup-home" "-w" "/opt/rustwide/workdir" "-m" "1610612736" "--user" "0:0" "--network" "none" "rustops/crates-build-env@sha256:a636fd89d022f18117e1dc8fb37a0a009933cdbbe082814857f0e2024962d47c" "/opt/rustwide/cargo-home/bin/cargo" "+cfbc6d4cf1acbac5c025acf8ed68929caa551df3" "metadata" "--no-deps" "--format-version=1", kill_on_drop: false }`
[INFO] [stderr] WARNING: Your kernel does not support swap limit capabilities or the cgroup is not mounted. Memory limited without swap.
[INFO] [stdout] 28e597e62088db23081e9d23b5365b84f038129fc47072ddd28e29f9c7d0a559
[INFO] running `Command { std: "docker" "start" "-a" "28e597e62088db23081e9d23b5365b84f038129fc47072ddd28e29f9c7d0a559", kill_on_drop: false }`
[INFO] running `Command { std: "docker" "inspect" "28e597e62088db23081e9d23b5365b84f038129fc47072ddd28e29f9c7d0a559", kill_on_drop: false }`
[INFO] running `Command { std: "docker" "rm" "-f" "28e597e62088db23081e9d23b5365b84f038129fc47072ddd28e29f9c7d0a559", kill_on_drop: false }`
[INFO] [stdout] 28e597e62088db23081e9d23b5365b84f038129fc47072ddd28e29f9c7d0a559
[INFO] running `Command { std: "docker" "create" "-v" "/var/lib/crater-agent-workspace/builds/worker-9/target:/opt/rustwide/target:rw,Z" "-v" "/var/lib/crater-agent-workspace/builds/worker-9/source:/opt/rustwide/workdir:ro,Z" "-v" "/var/lib/crater-agent-workspace/cargo-home:/opt/rustwide/cargo-home:ro,Z" "-v" "/var/lib/crater-agent-workspace/rustup-home:/opt/rustwide/rustup-home:ro,Z" "-e" "SOURCE_DIR=/opt/rustwide/workdir" "-e" "CARGO_TARGET_DIR=/opt/rustwide/target" "-e" "CARGO_INCREMENTAL=0" "-e" "RUST_BACKTRACE=full" "-e" "RUSTFLAGS=--cap-lints=forbid" "-e" "CARGO_HOME=/opt/rustwide/cargo-home" "-e" "RUSTUP_HOME=/opt/rustwide/rustup-home" "-w" "/opt/rustwide/workdir" "-m" "1610612736" "--user" "0:0" "--network" "none" "rustops/crates-build-env@sha256:a636fd89d022f18117e1dc8fb37a0a009933cdbbe082814857f0e2024962d47c" "/opt/rustwide/cargo-home/bin/cargo" "+cfbc6d4cf1acbac5c025acf8ed68929caa551df3" "check" "--frozen" "--all" "--all-targets" "--message-format=json", kill_on_drop: false }`
[INFO] [stdout] bfcfc668845a9e9b706f90f6671980c53491dc6b6a7e0a6145cbdadbf264b154
[INFO] [stderr] WARNING: Your kernel does not support swap limit capabilities or the cgroup is not mounted. Memory limited without swap.
[INFO] running `Command { std: "docker" "start" "-a" "bfcfc668845a9e9b706f90f6671980c53491dc6b6a7e0a6145cbdadbf264b154", kill_on_drop: false }`
[INFO] [stderr]    Compiling syn v1.0.39
[INFO] [stderr]    Compiling serde v1.0.115
[INFO] [stderr]    Compiling byteorder v1.3.4
[INFO] [stderr]    Compiling libm v0.2.1
[INFO] [stderr]     Checking arrayvec v0.5.1
[INFO] [stderr]     Checking either v1.6.0
[INFO] [stderr]     Checking radium v0.3.0
[INFO] [stderr]    Compiling crunchy v0.2.2
[INFO] [stderr]     Checking byte-slice-cast v0.3.5
[INFO] [stderr]    Compiling version_check v0.9.2
[INFO] [stderr]     Checking instant v0.1.6
[INFO] [stderr]     Checking rustc-hex v2.1.0
[INFO] [stderr]     Checking static_assertions v1.1.0
[INFO] [stderr]    Compiling arrayvec v0.4.12
[INFO] [stderr]     Checking sp-std v2.0.0-rc6
[INFO] [stderr]     Checking parity-wasm v0.41.0
[INFO] [stderr]     Checking ahash v0.3.8
[INFO] [stderr]     Checking hash-db v0.15.2
[INFO] [stderr]     Checking memory_units v0.3.0
[INFO] [stderr]     Checking keccak v0.1.0
[INFO] [stderr]     Checking stable_deref_trait v1.2.0
[INFO] [stderr]    Compiling parity-util-mem v0.7.0
[INFO] [stderr]     Checking futures-io v0.3.5
[INFO] [stderr]     Checking signature v1.2.2
[INFO] [stderr]     Checking nodrop v0.1.14
[INFO] [stderr]     Checking environmental v1.1.1
[INFO] [stderr]    Compiling tiny-keccak v2.0.2
[INFO] [stderr]     Checking dyn-clone v1.0.2
[INFO] [stderr]     Checking rustc-hash v1.1.0
[INFO] [stderr]     Checking constant_time_eq v0.1.5
[INFO] [stderr]     Checking base58 v0.1.0
[INFO] [stderr]     Checking hex v0.4.2
[INFO] [stderr]     Checking integer-sqrt v0.1.3
[INFO] [stderr]     Checking bitmask v0.5.0
[INFO] [stderr]    Compiling num-traits v0.2.12
[INFO] [stderr]    Compiling num-integer v0.1.43
[INFO] [stderr]    Compiling num-bigint v0.2.6
[INFO] [stderr]    Compiling num-rational v0.2.4
[INFO] [stderr]    Compiling hashbrown v0.8.2
[INFO] [stderr]    Compiling num-complex v0.2.4
[INFO] [stderr]     Checking lock_api v0.4.1
[INFO] [stderr]    Compiling paste-impl v0.1.18
[INFO] [stderr]     Checking tracing-core v0.1.14
[INFO] [stderr]     Checking thread_local v1.0.1
[INFO] [stderr]     Checking itertools v0.9.0
[INFO] [stderr]     Checking trie-root v0.16.0
[INFO] [stderr]     Checking bitvec v0.17.4
[INFO] [stderr]     Checking ed25519 v1.0.1
[INFO] [stderr]     Checking rand_core v0.3.1
[INFO] [stderr]    Compiling rand v0.6.5
[INFO] [stderr]    Compiling generic-array v0.14.4
[INFO] [stderr]     Checking getrandom v0.1.14
[INFO] [stderr]     Checking parking_lot_core v0.8.0
[INFO] [stderr]     Checking backtrace v0.3.50
[INFO] [stderr]     Checking parking_lot_core v0.7.2
[INFO] [stderr]     Checking rand_os v0.1.3
[INFO] [stderr]     Checking rand_hc v0.1.0
[INFO] [stderr]     Checking rand_xorshift v0.1.1
[INFO] [stderr]     Checking rand_isaac v0.1.1
[INFO] [stderr]     Checking rand v0.5.6
[INFO] [stderr]     Checking rand_chacha v0.1.1
[INFO] [stderr]     Checking hash256-std-hasher v0.15.2
[INFO] [stderr]     Checking regex v1.3.9
[INFO] [stderr]     Checking rand_core v0.5.1
[INFO] [stderr]     Checking parking_lot v0.11.0
[INFO] [stderr]     Checking parking_lot v0.10.2
[INFO] [stderr]     Checking sp-panic-handler v2.0.0-rc6
[INFO] [stderr]     Checking block-buffer v0.7.3
[INFO] [stderr]     Checking uint v0.8.5
[INFO] [stderr]     Checking pbkdf2 v0.3.0
[INFO] [stderr]    Compiling Inflector v0.11.4
[INFO] [stderr]    Compiling blake2-rfc v0.2.18
[INFO] [stderr]     Checking sha2 v0.8.2
[INFO] [stderr]     Checking wasmi-validation v0.3.0
[INFO] [stderr]     Checking rand_pcg v0.2.1
[INFO] [stderr]     Checking rand_chacha v0.2.2
[INFO] [stderr]     Checking once_cell v1.4.1
[INFO] [stderr]     Checking paste v0.1.18
[INFO] [stderr]     Checking trie-db v0.22.1
[INFO] [stderr]     Checking futures-task v0.3.5
[INFO] [stderr]     Checking digest v0.9.0
[INFO] [stderr]     Checking block-buffer v0.9.0
[INFO] [stderr]     Checking rand v0.7.3
[INFO] [stderr]     Checking statrs v0.10.0
[INFO] [stderr]     Checking sha2 v0.9.1
[INFO] [stderr]     Checking approx v0.3.2
[INFO] [stderr]     Checking alga v0.9.3
[INFO] [stderr]     Checking fixed-hash v0.6.1
[INFO] [stderr]     Checking twox-hash v1.5.0
[INFO] [stderr]     Checking libsecp256k1 v0.3.5
[INFO] [stderr]     Checking wasmi v0.6.2
[INFO] [stderr]     Checking nalgebra v0.18.1
[INFO] [stderr]    Compiling synstructure v0.12.4
[INFO] [stderr]    Compiling serde_derive v1.0.115
[INFO] [stderr]    Compiling zeroize_derive v1.0.0
[INFO] [stderr]    Compiling impl-trait-for-tuples v0.1.3
[INFO] [stderr]    Compiling sp-debug-derive v2.0.0-rc6
[INFO] [stderr]    Compiling pin-project-internal v0.4.23
[INFO] [stderr]    Compiling ref-cast-impl v1.0.2
[INFO] [stderr]    Compiling tracing-attributes v0.1.11
[INFO] [stderr]    Compiling failure_derive v0.1.8
[INFO] [stderr]    Compiling futures-macro v0.3.5
[INFO] [stderr]    Compiling rental-impl v0.5.5
[INFO] [stderr]    Compiling parity-util-mem-derive v0.1.0
[INFO] [stderr]    Compiling dyn-clonable-impl v0.9.0
[INFO] [stderr]    Compiling derive_more v0.99.9
[INFO] [stderr]    Compiling frame-support-procedural-tools-derive v2.0.0-rc6
[INFO] [stderr]     Checking dyn-clonable v0.9.0
[INFO] [stderr]     Checking ref-cast v1.0.2
[INFO] [stderr]     Checking zeroize v1.1.0
[INFO] [stderr]     Checking curve25519-dalek v2.1.0
[INFO] [stderr]     Checking merlin v2.0.0
[INFO] [stderr]     Checking curve25519-dalek v3.0.0
[INFO] [stderr]     Checking secrecy v0.6.0
[INFO] [stderr]     Checking failure v0.1.8
[INFO] [stderr]     Checking tiny-bip39 v0.7.3
[INFO] [stderr]     Checking schnorrkel v0.9.1
[INFO] [stderr]     Checking pin-project v0.4.23
[INFO] [stderr]     Checking futures-util v0.3.5
[INFO] [stderr]     Checking tracing v0.1.19
[INFO] [stderr]     Checking substrate-bip39 v0.4.1
[INFO] [stderr]     Checking rental v0.5.5
[INFO] [stderr]     Checking futures-executor v0.3.5
[INFO] [stderr]     Checking futures v0.3.5
[INFO] [stderr]     Checking sp-tracing v2.0.0-rc6
[INFO] [stderr]     Checking linregress v0.1.7
[INFO] [stderr]     Checking impl-serde v0.3.1
[INFO] [stderr]     Checking impl-serde v0.2.3
[INFO] [stderr]     Checking ed25519-dalek v1.0.0
[INFO] [stderr]    Compiling toml v0.5.6
[INFO] [stderr]    Compiling proc-macro-crate v0.1.5
[INFO] [stderr]    Compiling frame-support-procedural-tools v2.0.0-rc6
[INFO] [stderr]    Compiling parity-scale-codec-derive v1.2.1
[INFO] [stderr]    Compiling sp-runtime-interface-proc-macro v2.0.0-rc6
[INFO] [stderr]    Compiling sp-api-proc-macro v2.0.0-rc6
[INFO] [stderr]    Compiling frame-support-procedural v2.0.0-rc6
[INFO] [stderr]     Checking parity-scale-codec v1.3.4
[INFO] [stderr]     Checking impl-codec v0.4.2
[INFO] [stderr]     Checking sp-storage v2.0.0-rc6
[INFO] [stderr]     Checking sp-wasm-interface v2.0.0-rc6
[INFO] [stderr]     Checking sp-arithmetic v2.0.0-rc6
[INFO] [stderr]     Checking primitive-types v0.7.2
[INFO] [stderr]     Checking sp-externalities v0.8.0-rc6
[INFO] [stderr]     Checking sp-runtime-interface v2.0.0-rc6
[INFO] [stderr]     Checking memory-db v0.24.1
[INFO] [stderr]     Checking sp-core v2.0.0-rc6
[INFO] [stderr]     Checking sp-trie v2.0.0-rc6
[INFO] [stderr]     Checking sp-inherents v2.0.0-rc6
[INFO] [stderr]     Checking frame-metadata v11.0.0-rc6
[INFO] [stderr]     Checking sp-state-machine v0.8.0-rc6
[INFO] [stderr]     Checking sp-io v2.0.0-rc6
[INFO] [stderr]     Checking sp-application-crypto v2.0.0-rc6
[INFO] [stderr]     Checking sp-runtime v2.0.0-rc6
[INFO] [stderr]     Checking sp-version v2.0.0-rc6
[INFO] [stderr]     Checking frame-support v2.0.0-rc6
[INFO] [stderr]     Checking sp-api v2.0.0-rc6
[INFO] [stderr]     Checking frame-system v2.0.0-rc6
[INFO] [stderr]     Checking frame-benchmarking v2.0.0-rc6
[INFO] [stderr]     Checking pallet-balances v2.0.0-rc6
[INFO] [stderr]     Checking pallet-treasury v2.0.0-rc6 (/opt/rustwide/workdir)
[INFO] [stdout] error[E0432]: unresolved import `sp_core`
[INFO] [stdout]   --> src/tests.rs:28:5
[INFO] [stdout]    |
[INFO] [stdout] 28 | use sp_core::H256;
[INFO] [stdout]    |     ^^^^^^^ use of undeclared type or module `sp_core`
[INFO] [stdout] 
[INFO] [stdout] 
[INFO] [stdout] error[E0432]: unresolved import `sp_storage`
[INFO] [stdout]    --> src/tests.rs:566:6
[INFO] [stdout]     |
[INFO] [stdout] 566 |     use sp_storage::Storage;
[INFO] [stdout]     |         ^^^^^^^^^^ use of undeclared type or module `sp_storage`
[INFO] [stdout] 
[INFO] [stdout] 
[INFO] [stdout] error[E0433]: failed to resolve: use of undeclared type or module `sp_io`
[INFO] [stdout]    --> src/tests.rs:159:26
[INFO] [stdout]     |
[INFO] [stdout] 159 | pub fn new_test_ext() -> sp_io::TestExternalities {
[INFO] [stdout]     |                          ^^^^^ use of undeclared type or module `sp_io`
[INFO] [stdout] 
[INFO] [stdout] 
[INFO] [stdout] error[E0433]: failed to resolve: use of undeclared type or module `sp_io`
[INFO] [stdout]    --> src/tests.rs:539:13
[INFO] [stdout]     |
[INFO] [stdout] 539 |     let mut t: sp_io::TestExternalities = t.into();
[INFO] [stdout]     |                ^^^^^ use of undeclared type or module `sp_io`
[INFO] [stdout] 
[INFO] [stdout] 
[INFO] [stdout] error[E0433]: failed to resolve: use of undeclared type or module `sp_io`
[INFO] [stdout]    --> src/tests.rs:625:9
[INFO] [stdout]     |
[INFO] [stdout] 625 |     sp_io::TestExternalities::new(s).execute_with(|| {
[INFO] [stdout]     |            ^^^^^^^^^^^^^^^^^ not found in `sp_io`
[INFO] [stdout]     |
[INFO] [stdout] help: consider importing this type alias
[INFO] [stdout]     |
[INFO] [stdout] 22  | use crate::system::TestExternalities;
[INFO] [stdout]     |
[INFO] [stdout] 
[INFO] [stdout] 
[INFO] [stdout] error[E0119]: conflicting implementations of trait `std::convert::TryInto<RawEvent<_, u64, [type error]>>` for type `tests::Event`:
[INFO] [stdout]   --> src/tests.rs:45:1
[INFO] [stdout]    |
[INFO] [stdout] 45 | / impl_outer_event! {
[INFO] [stdout] 46 | |     pub enum Event for Test {
[INFO] [stdout] 47 | |         system<T>,
[INFO] [stdout] 48 | |         pallet_balances<T>,
[INFO] [stdout] 49 | |         treasury<T>,
[INFO] [stdout] 50 | |     }
[INFO] [stdout] 51 | | }
[INFO] [stdout]    | |_^
[INFO] [stdout]    |
[INFO] [stdout]    = note: conflicting implementation in crate `core`:
[INFO] [stdout]            - impl<T, U> std::convert::TryInto<U> for T
[INFO] [stdout]              where U: std::convert::TryFrom<T>;
[INFO] [stdout]    = note: this error originates in a macro (in Nightly builds, run with -Z macro-backtrace for more info)
[INFO] [stdout] 
[INFO] [stdout] 
[INFO] [stdout] error: aborting due to 6 previous errors
[INFO] [stdout] 
[INFO] [stdout] 
[INFO] [stdout] Some errors have detailed explanations: E0119, E0432, E0433.
[INFO] [stdout] 
[INFO] [stdout] For more information about an error, try `rustc --explain E0119`.
[INFO] [stdout] 
[INFO] [stderr] error: could not compile `pallet-treasury`.
[INFO] [stderr] 
[INFO] [stderr] To learn more, run the command again with --verbose.
[INFO] [stderr] warning: build failed, waiting for other jobs to finish...
[INFO] [stderr] error: build failed
[INFO] running `Command { std: "docker" "inspect" "bfcfc668845a9e9b706f90f6671980c53491dc6b6a7e0a6145cbdadbf264b154", kill_on_drop: false }`
[INFO] running `Command { std: "docker" "rm" "-f" "bfcfc668845a9e9b706f90f6671980c53491dc6b6a7e0a6145cbdadbf264b154", kill_on_drop: false }`
[INFO] [stdout] bfcfc668845a9e9b706f90f6671980c53491dc6b6a7e0a6145cbdadbf264b154
